4 + 1). Calculate the highest common divisor of c and g.
10
Suppose 3*n - 280 = 14. What is the greatest common factor of 14 and n?
14
Suppose 13 + 2 = 3*r, 4*r = 3*l + 20. Suppose 3*x - 2*y - 22 - 2 = l, -5*x + 41 = -3*y. Calculate the highest common divisor of x and 15.
5
Let g be (-4)/22 + 5012/(-22). Let q be -1 + (-7)/(21/g). Calculate the highest common factor of q and 15.
15
Let y be 1*(-2 - -1)*-3. Suppose y*l = -0*l + 90. What is the greatest common divisor of l and 20?
10
Let b = -12 + 26. Suppose 28 = -0*h + 4*h. What is the highest common divisor of h and b?
7
Let o = 20 - 16. Let m = o - 3. Calculate the highest common factor of 3 and m.
1
Let h = 124 + -36. Calculate the highest common factor of 11 and h.
11
Suppose -2*f - 2 = -y - 0, 0 = -2*y - 4*f + 4. Suppose -3*x + y*p + 94 = 0, -p = x - 2*p - 32. What is the highest common factor of x and 15?
15
Suppose 5*n - 90 = -0*n. Calculate the greatest common factor of 27 and n.
9
Let g = 3 + 18. Let f be g - (0 + 9/(-3)). Calculate the greatest common factor of f and 216.
24
Let q = 1 - 3. Let d be (-8)/q - (0 - 0). Suppose x - 14 + d = 0. Calculate the highest common factor of x and 110.
10
Suppose 2*q = -q + 696. Calculate the greatest common factor of q and 29.
29
Let x(c) = -c**3 + c**2 + 7*c - 1. Let b be x(-3). Calculate the highest common factor of b and 42.
14
Let q = -12 - -24. Let j(w) = -2*w + 2 - 6 + 3. Let p be j(-2). Calculate the highest common factor of p and q.
3
Let s be (-55 + 1)/(3/(-4)). Suppose q - 2*c = 3*c + 44, -3*q + 3*c + s = 0. Calculate the highest common divisor of q and 57.
19
Suppose g - 90 = -8*g. Calculate the highest common divisor of 4 and g.
2
Suppose 3*q - 5*x = -27, -3*q = -4*q - x - 9. Let w be 2*3/(-2)*q. What is the highest common factor of w and 243?
27
Suppose 0 = -3*w + 3*k + 48, -w + k = -2*w + 8. Suppose m - 3 + 2 = 0, -2*i = -2*m - 42. Suppose -4*t + 2 = -i. Calculate the highest common factor of w and t.
6
Suppose -3 + 8 = -5*g. Let x be 13/(0 + (-1)/(-3)). Let b = x - g. Calculate the greatest common divisor of 8 and b.
8
Let f(o) = 3*o - 1. Let w be f(2). Suppose -2*q - z + 25 = -2*z, 0 = w*z - 25. Calculate the greatest common divisor of q and 105.
15
Suppose 5*r - 478 = -3*n + r, -5*n = 5*r - 790. What is the highest common divisor of n and 14?
14
Let o = 96 + -36. What is the greatest common divisor of o and 45?
15
Let y = 8 - -4. Suppose 0 = 2*a - a + 4. Let k = a + y. Calculate the highest common factor of 8 and k.
8
Suppose 3*f = -39 + 111. Let y = f + -16. Calculate the highest common divisor of y and 88.
8
Let b be (3 - 7)/12 + 97/3. What is the greatest common factor of 40 and b?
8
Suppose -h + 5*i + 15 = 0, -2*h + 10 + 10 = -5*i. What is the greatest common factor of h and 95?
5
Suppose -v + 9 - 3 = -5*g, -3*v - 26 = -4*g. Let b = v - -25. Let a be 0 + 0 - 0 - -33. Calculate the greatest common factor of b and a.
11
Let h(o) = -21*o**2 + 5*o + 7. Let m(l) = -11*l**2 + 3*l + 4. Let f(n) = -6*h(n) + 11*m(n). Let s be f(-4). Calculate the highest common divisor of 28 and s.
14
Suppose 2*q + 168 = 4*q. Suppose 0 = 12*f - 10*f - 28. What is the highest common divisor of q and f?
14
Let f(j) = -j**3 - 2*j**2 - 2. Let o(g) = -2*g + 0*g + 2*g - 3*g**3. Let n be o(1). Let p be f(n). What is the highest common factor of p and 7?
7
Let q(j) = -6*j - 3. Let t be q(-3). Let b be (1/2 - 20/(-56))*7. Calculate the greatest common divisor of t and b.
3
Suppose 3*l = 16 - 4. Let u(o) = 6*o**2 - 4*o - 5. Let s be u(l). Calculate the highest common factor of 15 and s.
15
Suppose 0*c - 56 = -4*c. Let v be (105/c)/(6/8). Calculate the highest common factor of v and 80.
10
Let u be 2 - (1 + -1 - 0). Suppose -3*a - 3*w = -0*a - 21, 59 = 5*a - 3*w. Calculate the greatest common factor of u and a.
2
Let j be (-12)/(2 - 5)*(3 + 0). What is the greatest common factor of j and 16?
4
Suppose -68 - 17 = -5*o. Let l = 33 + -16. Calculate the highest common factor of l and o.
17
Let f(z) = -9*z**3 - z**2 + 3*z + 1. Let n be 2*-2*(-2)/(-4). Let w be f(n). Calculate the highest common divisor of 7 and w.
7
Let i(d) = d**3 + 7*d**2 - 2*d - 8. Let h be i(-7). Suppose 3 = 3*j - h. Suppose -484 = -j*a - a. What is the highest common factor of 11 and a?
11
Suppose -c = 5*z - 3*c - 173, -2*z + 50 = 4*c. What is the greatest common factor of z and 22?
11
Let z = 69 - 48. Calculate the highest common divisor of z and 147.
21
Let r = -49 + 79. Calculate the highest common divisor of r and 105.
15
Suppose -7 = -5*j - 127. Let v = j - -36. Let u = 109 - 97. What is the highest common divisor of v and u?
12
Suppose 0 = -2*b + 5*i + 8, -5*b - 14 = -3*i - i. Let o be (6 + 0)/(b/(-8)). Calculate the highest common divisor of o and 32.
8
Let y be ((-2)/(-4))/(6/156). Calculate the greatest common divisor of y and 13.
13
Suppose -3*s - 164 = -5*b, 5*b - 4*s - 142 = 25. What is the highest common factor of b and 155?
31
Suppose -2*q + 13 = 3. Suppose q*b - 71 - 9 = 0. What is the highest common divisor of b and 4?
4
Let u(d) = d**2 + 9*d + 1. Let n be u(-5). Let z = n + 30. Calculate the highest common divisor of 33 and z.
11
Let g be 1/(-2) + 63/(-18). Let l = 8 + g. Suppose 86 = -l*o + 658. Calculate the greatest common factor of o and 13.
13
Let g(x) = -x**2 - 5*x + 25. Let o be g(-8). What is the highest common divisor of 11 and o?
1
Let r be 2 + 0 + (-4)/2. Suppose r*p = 2*p - 4*z + 6, -5*z = 3*p + 9. Let u be p - -4 - (-1 - 0). Calculate the greatest common factor of u and 1.
1
Let i = -26 - -32. Calculate the highest common factor of 30 and i.
6
Let t be (-8)/44 - (-90)/11. Suppose 0 = -4*d + 4*l + 48, l - t = 3*l. Suppose 4 = 3*w + 5*a - 0, 8 = 3*w + 4*a. What is the highest common factor of w and d?
8
Suppose -j = 5*p + 143, -4*j + 0*p - 593 = -p. Let n = j + 229. What is the highest common divisor of 9 and n?
9
Suppose 0 = 5*x - 4*f - 30, 3*x + 2*f = -4. What is the greatest common divisor of x and 16?
2
Let r(n) = -3*n**2 - 20*n + 2. Let q be r(-6). Calculate the highest common divisor of 154 and q.
14
Let y = 1 + -1. Suppose 4*h - 4 = y, 2*v = -0*v - 3*h + 27. Calculate the highest common factor of v and 36.
12
Let d = -16 + 22. Calculate the greatest common divisor of 12 and d.
6
Suppose -3*k - z = -2*k - 37, -k + 41 = 5*z. Calculate the greatest common factor of k and 12.
12
Let l be (-2 + 6/(-1))*(-21)/3. Calculate the highest common factor of 8 and l.
8
Let x be 5*1*(-42)/(-35). What is the greatest common factor of x and 15?
3
Let r = 12 + -7. Suppose -r*l = 3*p + 6 - 26, 2*p - 2*l + 8 = 0. Suppose p = 3*j - 23 + 2. Calculate the greatest common divisor of j and 14.
7
Let s be (17 - 16) + (-1 - -15). What is the highest common factor of 5 and s?
5
Let v be 527/7 + 6/(-21). Suppose -x - 2*n + 11 = 0, 2*n = 2*x - 2*n - 38. What is the greatest common divisor of x and v?
15
Let q(b) = b**3 - 15*b**2 + 16*b - 17. Let l be q(14). Calculate the greatest common divisor of l and 110.
11
Suppose -v + 6 = 3. Suppose 5 = v*g - 10. Let k = -2 + g. Calculate the greatest common factor of 6 and k.
3
Let h(q) = -28*q + 6. Let w be h(-1). What is the greatest common factor of w and 17?
17
Suppose 4*m = -5*d - 6 + 2, -2*m + 3*d = -20. Let y = 10 - m. What is the greatest common divisor of y and 48?
6
Suppose 2 = b - 3*o - o, -b - o + 12 = 0. Let g be ((-10)/6)/(1/(-15)). What is the highest common factor of b and g?
5
Let m(r) = 18*r + 3. Let d be m(1). Calculate the greatest common factor of d and 21.
21
Let n(i) = -i + 4. Let m be n(0). Let v(b) = -41*b + 3. Let u be v(-1). What is the greatest common factor of u and m?
4
Suppose -k + 3 = -4. Let b(l) = -l**3 + 8*l**2 + 2*l. Let g be b(k). Let d = 26 + -17. Calculate the greatest common divisor of g and d.
9
Suppose -3*v - 271 = -2*b, b - 2*v + 118 = 2*b. What is the greatest common factor of 16 and b?
16
Suppose 5*p - 4*b = 252, 4*p + 2*b - 191 = -5. What is the greatest common factor of p and 120?
24
Let a(r) = 13*r**2 - 2*r - 1. Let i be a(-2). Suppose -p = -3*p - 4*n - 8, 5 = p + 5*n. Let z = p + 32. Calculate the greatest common factor of i and z.
11
Suppose -6 = -4*h - 2, 0 = -u + 4*h + 260. Calculate the greatest common divisor of u and 24.
24
Suppose -2*h - 8 = -4*h. Let n be 2/(-2)*-1*h. Calculate the highest